ulate the highest common divisor of 185776 and 498032.
272
Calculate the greatest common divisor of 2320 and 2207900.
20
What is the greatest common factor of 382913917 and 131?
131
Calculate the highest common divisor of 59998 and 1286064.
458
What is the greatest common factor of 1044 and 12198444?
348
What is the highest common divisor of 158935 and 29875?
1195
What is the highest common divisor of 167167 and 43754?
167
Calculate the highest common factor of 50317712 and 992.
496
Calculate the greatest common divisor of 4856 and 19096220.
2428
Calculate the greatest common factor of 3227599 and 2834.
109
Calculate the greatest common factor of 74075 and 48725.
25
What is the greatest common factor of 604257 and 264423?
57
What is the greatest common factor of 219674 and 28258?
142
What is the highest common divisor of 662 and 115592?
2
Calculate the highest common divisor of 2556 and 684.
36
Calculate the highest common divisor of 39196 and 270548.
956
Calculate the highest common factor of 2034564 and 5936.
1484
Calculate the highest common divisor of 17 and 8177986.
17
Calculate the greatest common factor of 63 and 52037352.
9
Calculate the greatest common divisor of 16720 and 217094.
38
Calculate the highest common divisor of 1911 and 3466281.
273
What is the greatest common factor of 28953 and 281?
1
Calculate the greatest common factor of 10503936 and 6528.
384
Calculate the highest common factor of 374374 and 704106.
442
Calculate the highest common factor of 11845 and 813185.
515
Calculate the greatest common factor of 33 and 3185974.
11
Calculate the greatest common factor of 1595 and 3730850.
145
Calculate the greatest common factor of 39 and 59238543.
39
Calculate the greatest common factor of 535 and 8741365.
535
Calculate the greatest common divisor of 25712 and 741852266.
3214
Calculate the highest common factor of 41367408 and 37788.
804
Calculate the greatest common divisor of 720 and 52904.
8
What is the greatest common divisor of 28071220 and 7990?
470
What is the greatest common divisor of 6996 and 1486320?
132
Calculate the greatest common factor of 1694235 and 7518.
537
What is the highest common divisor of 631377 and 1417806?
657
What is the greatest common divisor of 175 and 16917425?
175
What is the highest common factor of 439306 and 224?
14
Calculate the highest common divisor of 1297629360 and 90.
90
Calculate the greatest common factor of 8443965 and 345.
15
What is the highest common divisor of 1207768 and 2007?
223
Calculate the highest common factor of 440 and 7807624.
88
What is the greatest common factor of 11712 and 14579?
61
What is the highest common factor of 72108 and 2870299?
2003
What is the highest common divisor of 260840 and 120?
40
What is the highest common factor of 252587694 and 18?
6
What is the highest common divisor of 45 and 18361845?
45
What is the greatest common factor of 21 and 61167?
3
Calculate the greatest common factor of 140652 and 16278.
6
What is the greatest common factor of 109613 and 64435?
49
Calculate the highest common factor of 3834 and 193485366.
1278
What is the highest common factor of 68281 and 51?
1
Calculate the highest common factor of 847454 and 6.
2
Calculate the greatest common divisor of 12283 and 109766.
71
What is the greatest common factor of 750 and 38170500?
750
What is the greatest common divisor of 18044301 and 11?
11
What is the greatest common factor of 849796483 and 3307?
3307
What is the highest common factor of 451386487 and 79?
79
Calculate the greatest common divisor of 39600575 and 2450.
1225
What is the highest common divisor of 20274 and 1827930?
654
Calculate the greatest common divisor of 3530 and 737100.
10
What is the greatest common divisor of 272985 and 3?
3
Calculate the highest common divisor of 240 and 1225060.
20
What is the highest common divisor of 120 and 756590?
10
What is the highest common divisor of 42322 and 347984?
14
What is the greatest common factor of 20 and 4394460?
20
What is the highest common divisor of 111 and 47347161?
111
Calculate the greatest common factor of 1506972372 and 744.
372
Calculate the highest common divisor of 6990623 and 123.
41
What is the highest common divisor of 114995 and 70305?
545
What is the greatest common factor of 58877 and 25753?
91
What is the greatest common factor of 57 and 14281369?
19
What is the highest common divisor of 2383 and 10533?
1
What is the greatest common factor of 11337851 and 14?
7
Calculate the greatest common factor of 40 and 116704184.
8
What is the highest common divisor of 46787789 and 509?
509
Calculate the greatest common factor of 161184 and 80.
16
What is the greatest common factor of 6775 and 1268822?
271
Calculate the greatest common factor of 10526014 and 12861.
1429
Calculate the greatest common divisor of 75 and 132831525.
75
Calculate the greatest common divisor of 868 and 8428404.
124
What is the greatest common divisor of 55013 and 409509?
29
Calculate the greatest common factor of 128560571 and 4417.
631
Calculate the highest common divisor of 209798747 and 2095.
419
What is the greatest common divisor of 130277530 and 1978?
86
What is the highest common factor of 507642267 and 1023?
1023
What is the greatest common divisor of 8983 and 7150?
13
What is the highest common divisor of 3799935 and 54?
9
What is the highest common factor of 965082 and 956?
478
Calculate the greatest common factor of 1725740 and 6180.
20
Calculate the highest common factor of 41238 and 725.
29
Calculate the highest common factor of 16008 and 35517083.
667
What is the greatest common divisor of 31104 and 12429936?
3888
Calculate the highest common factor of 390 and 996036.
6
Calculate the highest common divisor of 79628760 and 9315.
1035
Calculate the greatest common factor of 958761 and 4768938.
2763
Calculate the greatest common factor of 186772 and 404284.
212
What is the greatest common divisor of 405 and 9935?
5
Calculate the highest common divisor of 40 and 213329940.
20
Calculate the highest common factor of 6635046 and 6.
6
What is the highest common divisor of 16 and 908805568?
16
Calculate the greatest common factor of 16489060 and 28.
28
Calculate the greatest common factor of 1014537 and 82987.
31
What is the highest common divisor of 14 and 62995282?
14
Calculate the highest common divisor of 164685 and 15810.
15
What is the highest common divisor of 53841790 and 282?
94
Calculate the highest common factor of 2502544 and 24.
8
What is the greatest common divisor of 30323067 and 348?
87
Calculate the highest common factor of 2048 and 165001216.
2048
Calculate the highest common factor of 54414 and 93222.
18
What is the greatest common divisor of 281 and 54363665?
281
Calculate the greatest common factor of 1661 and 91065986.
1661
What is the greatest common factor of 9911832 and 328?
328
Calculate the greatest common factor of 1024 and 236012032.
512
Calculate the highest common divisor of 40353376 and 391.
17
Calculate the greatest common divisor of 9720 and 859480.
40
Calculate the highest common divisor of 415 and 3082605.
5
Calculate the highest common factor of 19913754 and 154.
14
Calculate the greatest common divisor of 984003768 and 8094.
8094
Calculate the highest common divisor of 1435 and 2227015.
35
What is the highest common factor of 86549 and 4439?
23
What is the highest common factor of 43214589 and 3069?
3069
What is the greatest common factor of 188015 and 182125?
155
Calculate the highest common factor of 88192 and 16629704.
5512
What is the highest common divisor of 175329 and 8654394?
483
Calculate the highest common divisor of 2277 and 6068619.
207
What is the greatest common factor of 108225 and 14332500?
2925
Calculate the highest common factor of 44 and 15336244.
44
Calculate the greatest common divisor of 28779920 and 45.
5
What is the highest common factor of 1735 and 78749221?
347
What is the highest common divisor of 3675 and 146214775?
1225
Calculate the highest common factor of 207152 and 3222626.
2354
What is the highest common factor of 13637 and 10713437?
1049
Calculate the greatest common factor of 6090500 and 50.
50
Calculate the highest common factor of 65858 and 1543243.
221
What is the highest common divisor of 74760 and 2